41. Let c(h) = -1. Let k(n) = 2*c(n) + t(n). Let x be k(5). Calculate the greatest common factor of x and 192.
12
Let k = 359 + -245. Suppose -5*z + k = 2*d, -4*z + 108 = -0*d - 4*d. Calculate the highest common divisor of z and 360.
24
Let y be -2 - 3/((-3)/2). Let a be y - -10 - (7 - (-6)/(-1)). Calculate the highest common divisor of a and 9.
9
Let y = 2328 - 1929. Calculate the highest common factor of y and 38.
19
Let c = -81 - -113. Let v = -130 - -134. Calculate the greatest common divisor of c and v.
4
Let t(f) = f + 2. Let p be t(-2). Let j be 2/(-8)*p - -12. Let x be 8/((1 - 2) + 2). Calculate the highest common factor of x and j.
4
Let i = -369 - -381. What is the highest common factor of i and 54?
6
Suppose -145 + 1 = -16*d. What is the greatest common divisor of 189 and d?
9
Suppose 3*s = -5*g - 2*s + 8840, 4*g + 2*s = 7076. Let q be (-4)/6 - g/18. Let h be q/(-9) - (0 - 0). What is the greatest common divisor of 121 and h?
11
Let h be (24/(-16) + 2)/((-1)/(-82)). What is the highest common divisor of 123 and h?
41
Let o(g) = 4*g - 51. Let y be o(13). Let h be 20/(-4)*y - -12. Calculate the highest common divisor of h and 28.
7
Suppose 6*m - m - 335 = 0. Suppose -5*b = -3*c + m, -2*c - b = 2*b - 51. Calculate the highest common factor of 96 and c.
24
Let s be 2 + (-3 + 3 - -546). Suppose s = -c + 4*c + 2*l, -c = 3*l - 185. What is the highest common divisor of c and 26?
26
Let i(x) = -288*x**3 - 3*x**2 - 6*x - 3. Let j be i(-1). Calculate the highest common divisor of j and 9.
9
Suppose 5*l + 1724 = 2*s, -5*s - 5*l + 1094 = -3286. What is the highest common divisor of 109 and s?
109
Let r be (12/(-5))/((-40)/100). Calculate the highest common divisor of r and 21.
3
Suppose -2*w = 3*w + q + 212, -5*w - 2*q - 209 = 0. Let p = w + 25. Let h = p - -31. Calculate the highest common factor of h and 13.
13
Let a(t) = 2*t**3 - 43*t**2 + 24*t - 31. Let s be a(21). What is the greatest common factor of 352 and s?
32
Suppose 0*l = 4*l + 328. Let x = 150 + l. What is the highest common divisor of x and 170?
34
Let i = 18 - 18. Suppose i*k + 2*k = 88. Suppose j = 6 - 2. Calculate the highest common divisor of j and k.
4
Let d be 7/1 + (12 - 7). Calculate the greatest common divisor of 192 and d.
12
Let h(l) = 18*l - 108. Let i be h(12). What is the greatest common factor of i and 594?
54
Let o(x) = x - 8*x - 49 - 3. Let a be o(-10). What is the highest common divisor of 4 and a?
2
Let l(u) = u - 15. Let i be l(7). Let k be i/(-20) + 22/(-5). Let o = k + 5. What is the greatest common factor of o and 2?
1
Suppose 72 = 6*l - 24. Calculate the highest common factor of 128 and l.
16
Let j = 0 - -20. Suppose l + d - 4 = 0, 4*d - 12 = -3*l + 2*d. What is the greatest common factor of l and j?
4
Let r(v) = -v**2 + 19*v - 29. Let i be r(17). Let w be 2 + 3/(6/4). Suppose -w*a - 9 = -89. What is the greatest common divisor of a and i?
5
Let p be (4 - 2)*41/2. Let g be -3*3/(-9) + p. Suppose -13*r + 17*r - 84 = 0. Calculate the highest common factor of g and r.
21
Suppose 0*r - 176 = -44*r. Calculate the greatest common factor of r and 212.
4
Suppose 0 = -6*c + 180 - 24. Suppose -345 = -31*g + c*g. Let s be (-2)/5 + 234/10. What is the greatest common divisor of g and s?
23
Let f be 0 + (-40*1 - -3). Let w be 12/15*(-10)/4 - f. Calculate the highest common factor of 14 and w.
7
Let z = -89 - -378. What is the highest common factor of 34 and z?
17
Let t be 10 + (-4 - 0/(-9)). Calculate the greatest common divisor of t and 744.
6
Let o(u) = u**2 - 6*u + 6. Let l be o(6). Suppose -3*w = -l*w + 63. Calculate the greatest common factor of 3 and w.
3
Let v = 274 - 79. What is the highest common factor of v and 39?
39
Suppose 5*x - 1120 = -5*s, -17*s + 22*s - 1102 = 4*x. Calculate the greatest common divisor of 12 and s.
6
Let u(a) = a**2 - 5. Let o be u(5). Let q(k) = -29*k + 5 + 14*k + 30*k. Let y be q(5). What is the greatest common divisor of y and o?
20
Suppose -468 = 19*a - 20*a. Suppose 0 = -4*n + 252 + a. Calculate the greatest common divisor of 30 and n.
30
Let f = 462 + -444. Let m = 46 + 116. Calculate the greatest common divisor of f and m.
18
Let p be 0/((-4)/(1 + 3)). Suppose p = -4*l - 0*l + 52. What is the highest common divisor of l and 117?
13
Suppose 82 - 18 = t. Suppose 10 = 2*y - 6. What is the highest common divisor of y and t?
8
Let a = -623 - -710. What is the highest common divisor of a and 9?
3
Suppose -3*v + 1 + 71 = 0. Let m be (-3 - 2)*(0 - -1). Let b(o) = o**2 + 3*o + 2. Let x be b(m). What is the highest common divisor of x and v?
12
Suppose 0 = -3*b + 58 + 152. Suppose -8 - 54 = -4*k - 2*c, 5*k + 4*c = b. Calculate the highest common factor of 252 and k.
18
Let n be ((-2)/6)/(143/(-39897)). What is the greatest common factor of n and 15?
3
Let i = 14090 + -14051. Suppose 68 = 5*a - 127. What is the greatest common factor of i and a?
39
Suppose 138*t - 146*t = -80. What is the greatest common factor of 25 and t?
5
Suppose -5*r - 28*z + 24*z + 61 = 0, 0 = -3*z + 12. Suppose -f - 12 = -4*f. Suppose -l + f = -32. What is the greatest common factor of r and l?
9
Let t be 3 - ((-63)/(-3))/3. Let m be 1/(-3)*36/t. What is the greatest common factor of m and 2?
1
Let k = -19 - -48. Suppose q - 38 = -q - 2*n, k = q - 4*n. What is the highest common factor of 231 and q?
21
Let p(z) = 2*z**3 + z + 4. Let g be p(-3). Let x = 59 + g. What is the highest common factor of 54 and x?
6
Let z(q) = 21*q - 14. Suppose -2 - 1 = 3*u. Let a = u + 7. Let h be z(a). What is the greatest common factor of h and 16?
16
Let p(o) = 125*o - 74. Let q be p(2). Suppose 76 = 5*s - 4*u, -4*u + 3 = s - 17. Calculate the greatest common divisor of s and q.
16
Suppose 4 = 2*a, 3*f - 37 = -102*a + 103*a. What is the greatest common factor of f and 1573?
13
Let r(w) = -18*w - 7. Let v be r(-1). Suppose -9 = 2*t + 3. Let f be (-730)/t + 6/(-9). Calculate the greatest common factor of v and f.
11
Suppose -3*l - 224 = 34. Let n = l + 95. Let y(i) = -11*i + 1. Let j be y(-4). Calculate the highest common divisor of j and n.
9
Let k be 3 - (3 + -5 + 3). Suppose 0 = 4*z - 2 - k. Let b(s) = 260*s**3 - s**2 + 2*s - 1. Let u be b(z). What is the greatest common factor of u and 26?
26
Let l(q) = -2*q + 29. Let i be l(12). Suppose -214 = -m - m - 2*h, 2*m - i*h = 193. Calculate the highest common divisor of 8 and m.
8
Let m = -1 - -2. Suppose 3 = -3*s, -3*b - m = 4*s + 9. Let k = 15 - b. Calculate the greatest common factor of k and 119.
17
Let v(p) = -22*p - 30. Let x be v(5). Let u be x/(-3)*42/35. Calculate the greatest common divisor of 14 and u.
14
Let l be -13 - 15/(105/(-11809)). Calculate the greatest common divisor of l and 124.
62
Suppose -6*q = -3*q - 231. Let s be (2*-3)/(4 - 6). Suppose 7*m - s*m - 308 = -4*g, -g = -2*m - q. Calculate the greatest common divisor of g and 11.
11
Let p = -11 - -13. Let h be ((-7)/(-35))/(p/50). What is the greatest common factor of 2 and h?
1
Let t(g) = g**3 + 14*g**2 + 25*g - 22. Let h be t(-11). Calculate the greatest common factor of h and 12.
6
Suppose 5*f = 77 + 23. Let o be 4/(-10) + (308/f - -1). Let d = 20 + -12. What is the highest common factor of d and o?
8
Suppose -327 = -8*j + 225. What is the greatest common divisor of 184 and j?
23
Let t(k) = -k**3 - 11*k**2 + 12*k - 10. Let d be t(-11). Let u be d/(-6) - 4/6. Let i = u - 20. What is the greatest common factor of i and 3?
3
Let b(v) = -v**3 + 38*v**2 + 40*v - 21. Let n be b(39). What is the greatest common factor of n and 84?
6
Suppose 0 = -t + 3*z + 25, -3*t - z + 37 = 2. Let v = t - 13. Suppose w - 12 - 56 = v. What is the highest common factor of w and 17?
17
Suppose -17*h + 21 + 64 = 0. Calculate the greatest common factor of h and 1.
1
Suppose 22*d = 1297 + 4269. Let c = 54 - 31. What is the highest common factor of c and d?
23
Suppose -m + 7*m - 18 = 0. Let j(o) = o**3 + o - 4. Let l be j(m). Suppose p + 3*x - 7*x - l = 0, 55 = 5*p + 5*x. What is the greatest common factor of 2 and p?
2
Let u(t) = -27*t - 12. Let y be u(-5). Let r be (-3)/(-4) + y/12. What is the greatest common divisor of r and 11?
11
Suppose -3*d + 236 + 124 = 0. Suppose 0 = 2*j - 7*j + d. Suppose 2*c - j = -0*c. What is the greatest common divisor of c and 8?
4
Let j = -161 - -273. Suppose